 - 2*v = 0. What is the units digit of c(v)?
9
Suppose l + 2427 = y, 5*y = -18*l + 17*l + 12135. What is the units digit of y?
7
What is the thousands digit of 5067/(((-6)/21)/(44/(-231)))?
3
Suppose -3*y - 2720 = 3*l - 4*l, -y = -3*l + 8136. What is the tens digit of l?
1
Suppose 0 = 4*c - 3*q - 57, 7*c - 3*q = 4*c + 42. Suppose -23*l + 1216 = -c*l. What is the hundreds digit of l?
1
Let d = -202 + 711. What is the tens digit of d?
0
Suppose 17*g = -42*g + 74222. What is the tens digit of g?
5
Suppose -3*y - 41 = -g - 3*g, 5*y - g = -40. Let v = y - -4. What is the tens digit of 0 + -2*(-16 - v)?
2
Let t(b) = -b**2 + 5*b - 4. Let g be t(3). Suppose -g*s = -231 - 113. What is the units digit of s?
2
Let s(z) be the second derivative of z**5/10 - z**4/3 - 2*z**2 + z. Suppose 16*d - 24 - 24 = 0. What is the units digit of s(d)?
4
Suppose -5*m = 2*i - 11, 5*i - 11 + 33 = 4*m. Let d = m + -9. What is the units digit of (-3)/6*d/1?
3
Suppose 3*n = 180 + 84. Let u = n + -49. Let j = u - 8. What is the tens digit of j?
3
Suppose 2*n = -2*n + 772. What is the units digit of n?
3
Let f(v) = v**3 - 6*v**2 - 2*v - 8. What is the tens digit of f(8)?
0
Suppose s - 5 = 3. Suppose -w + 4*n + 4 = -7, -s = -4*w - 2*n. Suppose -w*d + 2*c + 93 = -c, 5*c = 4*d - 126. What is the tens digit of d?
2
Suppose -14 = -0*t - 2*t. Suppose -513 + 128 = -t*y. What is the tens digit of y?
5
Let n = -8 - -12. Suppose 6 = -n*q + 2*m + 484, -4*q + 3*m = -473. What is the tens digit of q?
2
Suppose 22*b + 1004 = 5250. What is the units digit of b?
3
Suppose 18*k - 34*k = -34576. What is the tens digit of k?
6
Suppose -i + 2207 = -3*f, i + 4392 = 3*i + 5*f. What is the tens digit of i?
0
Let d(h) = -10*h**2 + 4*h - 11 + 2*h + 16*h**2. What is the units digit of d(-5)?
9
Suppose -k = -4*f + 2*f - 6, 0 = 5*k + 3*f - 30. Suppose -k*r + 180 = -2*r. Let p = 77 - r. What is the units digit of p?
2
Let z be 0 + 2 - (5 + -14). Suppose -8*q - 10 = -6*q. Let u = z - q. What is the units digit of u?
6
What is the units digit of 8*33/(-44) - 447*-3?
5
Let n(z) = z**3 - 12*z + 16 - 5*z**3 - 16*z**2 + 0 + 5*z**3. What is the units digit of n(17)?
1
Let i(j) = -4 + 103*j + 11*j + 210*j + 5. Let z be i(1). Suppose -25 = 6*r - z. What is the tens digit of r?
5
Let q = 8 + -5. Suppose -c + q*b - 2 = 16, -2*c = 5*b + 14. Let m = -9 - c. What is the units digit of m?
3
Suppose i - 40 = 3*r, r + 119 = 4*i - 96. Let s = 67 - i. What is the units digit of s?
2
Let j be 2 + 1 + (-6)/(-6). Let g = j - -1. Suppose 180 = -g*i + 9*i. What is the tens digit of i?
4
Let p = -183 + 229. What is the tens digit of p?
4
Let k(x) = 8*x - x**3 + 3*x - 6 + 50*x**2 - 46*x**2. What is the units digit of k(-4)?
8
What is the units digit of ((-1)/(-4))/(6/25944)?
1
Suppose 3*z = 3*s + 1 + 14, 0 = 3*z - 5*s - 9. Let i be (-4)/(4 + -8)*z. What is the units digit of (i/(-16))/((-1)/96)?
8
Let q(p) = p + 6. Let x be q(-3). What is the units digit of (1 - -24*x)/1?
3
Suppose 0 = k - 0*w + 2*w - 174, -3*w = -9. Suppose -j - 2*j = -k. What is the tens digit of j?
5
What is the hundreds digit of 2389/((-6)/(8 - 14))?
3
Suppose k + 5*k = -90. What is the tens digit of (-1593)/k - (-7)/(-35)?
0
Let j = 4 + -5. Let p(i) = -11*i + 6. Let b(a) = 12*a - 5. Let n(w) = -7*b(w) - 6*p(w). What is the units digit of n(j)?
7
Let z = 254 + -392. Let r = z - -221. What is the units digit of r?
3
What is the units digit of 116*5/10*(2 - -14)?
8
Let g be (-8660)/(-15) + -2 + (-24)/(-9). Suppose -47 + g = 9*i. What is the units digit of i?
9
Let m be (-377)/(-3) + 20/60. Suppose 2*p + 0*p = -5*g + m, -p - 5*g + 63 = 0. What is the units digit of p?
3
Let j = 854 + -400. What is the hundreds digit of j?
4
Suppose -4*l = -2*c - 18, 18 = l + l - 4*c. Let v(r) = 13*r**2 + 5*r - 5. What is the units digit of v(l)?
7
What is the tens digit of 1*(2628/(9/3) + 2)?
7
Let l(o) = o**2 - o - 25. Let j = -74 + 67. What is the tens digit of l(j)?
3
Let o = 1019 - 462. What is the units digit of o?
7
Suppose -2*c + 10 = -2. Suppose r + 16 = -4*t, -19 = -t + c*t + r. What is the units digit of t + 1 + -2 + 70?
6
Let k(d) = 2*d**2 + 3*d + 1. Let r(b) = 4*b**2 + 7*b + 1. Let i(j) = 5*k(j) - 2*r(j). What is the units digit of i(3)?
4
Let m be ((-308)/14)/(1 + 1). Let a = m - -23. What is the units digit of (-59)/(-2) + (-6)/a?
9
Suppose 2*k - 748 = -2*i + 6*k, 2*k - 742 = -2*i. What is the units digit of i?
2
Suppose 4*t = 63 + 97. Let u = -28 + t. Let s(y) = -y**2 + 15*y - 14. What is the units digit of s(u)?
2
Let a(r) = 3*r**2 - r - 5. Let p(w) = -w**3 - 6*w**2 - 7*w - 7. Let b be p(-5). Let u be a(b). Let i(z) = -z**2 + 22*z - 2. What is the tens digit of i(u)?
5
Suppose -3 = -3*t + 3*w, 4*t - 2*t + 2*w = -2. Suppose 5*m - 350 - 80 = t. Suppose 39 + 69 = 4*i - 4*y, -3*i = 2*y - m. What is the tens digit of i?
2
Let q(u) = -u**3 - 16*u**2 - 16*u - 17. Let a be q(-15). Let t(v) = -v**3 + v**2 + v - 2. Let h be t(a). What is the units digit of (-1*1)/(h/(-112))?
4
Let j be 0 + 18*(-4)/8. Let f = j - -14. Suppose -u - o + 23 = 2*o, -u + 55 = -f*o. What is the units digit of u?
5
Let f(g) be the third derivative of g**6/120 + 17*g**5/60 - 5*g**4/12 + 19*g**3/6 - 27*g**2. What is the hundreds digit of f(-17)?
1
Let t(x) = -5*x**3 - 2*x**2 - 2. Let f be t(-2). Let m = f - 19. Suppose -25 = -3*v + m. What is the units digit of v?
2
Suppose -4*o = -16 - 16. Suppose o*x - 858 = 126. What is the tens digit of x?
2
Let o = 3 - 0. Suppose c - 123 = -4*z, o*c - c = -2*z + 66. What is the tens digit of z?
3
Suppose 0 = d - 2*a - 19, 2*a - 2 = 2*d - 34. Suppose -3*o - 18 = -c, -5*o + 14 = 4*c - 75. Let u = c + d. What is the tens digit of u?
3
Let a = -326 + 603. What is the hundreds digit of a?
2
Suppose 3*g + 2*g - 1285 = 5*h, 3*g - 773 = 5*h. What is the tens digit of g?
5
Suppose 2*b + 2*b = f - 33, 3*b - 119 = -5*f. Suppose -2*i + 32 = 4*t, 2*i = i + 2*t. Let g = f - i. What is the units digit of g?
7
Let l(k) = -5*k - 3. Suppose g + 5*g + 24 = 0. What is the units digit of l(g)?
7
Suppose 13 = k + 2*k - 4*c, 2*k = c + 12. Suppose 4*z - 60 = -0*z + 4*m, 2*m = -z + 27. Let x = z - k. What is the units digit of x?
2
Let i(z) = -4*z - 24. Let j be i(-7). Suppose m = j + 23. What is the units digit of m?
7
Let o be (((-9)/3 - -2)*0)/1. Suppose -4*i + 3*y + 15 = -319, o = -3*i - y + 257. What is the units digit of i?
5
Suppose 0 = 25*h - 60018 + 5618. What is the hundreds digit of h?
1
Let v(i) = -2*i + 4. Let c(l) = -l + 3. Let z(o) = 6*c(o) - 5*v(o). What is the tens digit of z(11)?
4
Suppose 550 = -21*d + 31*d. What is the tens digit of d?
5
Let g = -515 - -218. What is the units digit of (-81015)/g - 1/(-9)*2?
3
Let a(c) = -50*c + 24. What is the units digit of a(-8)?
4
Suppose 26*y - 28*y = -6. Suppose -206 = -3*a + a + 2*m, y*a + m = 289. What is the tens digit of a?
9
Let v = 227 + 163. What is the units digit of v?
0
Let s(i) = 0 - 4*i + 1 + 3 + 3. Let r(g) = g. Let y(w) = 5*r(w) - s(w). What is the tens digit of y(3)?
2
Suppose 11*s + 1527 = b + 8*s, 3*b - s = 4549. What is the tens digit of b?
1
Suppose 9*v = 11*v - 7074. What is the thousands digit of v?
3
Let l = 1891 - 1137. What is the tens digit of l?
5
What is the units digit of 90 + (-6)/(-8) + 33/(-12)?
8
Suppose 0 = -5*z - 2*v + 23, -3*z - 3*v - 2 + 14 = 0. Suppose z*g = 4*g - 68. Let b = g - -106. What is the units digit of b?
8
Let v(a) = -8*a**2 + a**3 + 8*a - 10 + 0*a + 11. Let f be v(7). Let t = f + -7. What is the units digit of t?
1
Suppose -2*j - 3*j + 5*t = -360, t = 3. Let h = j + 209. What is the units digit of h?
4
Let d = 2600 + -843. What is the hundreds digit of d?
7
Let p be ((-144)/20)/(6/(-40)). Suppose 29 = 3*r - 5*g - p, -4*r - 2*g = -94. What is the units digit of r?
4
Let d be 1 + (9/3 - 1). Suppose -d = -0*y + 3*y. Let r = 9 + y. What is the units digit of r?
8
What is the tens digit of 14/4 + (-11604)/(-8)?
5
Suppose 0*w + 4 = d + w, 0 = -5*d + 2*w - 15. What is the units digit of ((-6)/12*-1)/(d/(-132))?
6
Let z be (-3)/15 + (-162)/15. Let s be 1*z/((-33)/18). What is the tens digit of (-8)/s - (-471)/9?
5
Let i(j) be the first derivative of 4/3*j**3 + 5 + 2*j**2 - j. What is the tens digit of i(3)?
4
Suppose -26 + 34 = i. Let t(c) be the second derivative of c**4/12 - c**3/2